
True
Is 131 a factor of 2227?
True
Is 243 a factor of 134655?
False
Does 99 divide 1980?
True
Does 12 divide 106248?
True
Is 34 a factor of 495?
False
Is 53 a multiple of 3?
False
Is 23 a factor of 13244?
False
Does 5 divide 9160?
True
Is 8568 a multiple of 9?
True
Is 32 a factor of 7456?
True
Does 7 divide 13776?
True
Does 31 divide 2656?
False
Is 41 a factor of 2404?
False
Is 1377 a multiple of 73?
False
Does 76 divide 17674?
False
Is 18 a factor of 100062?
True
Is 3472 a multiple of 60?
False
Does 11 divide 393?
False
Does 11 divide 1925?
True
Is 4320 a multiple of 16?
True
Does 13 divide 635?
False
Is 4 a factor of 405?
False
Is 39746 a multiple of 143?
False
Does 33 divide 2409?
True
Does 159 divide 6429?
False
Is 2291 a multiple of 8?
False
Is 163 a multiple of 10?
False
Does 136 divide 52496?
True
Does 158 divide 23068?
True
Does 23 divide 55?
False
Is 40 a factor of 6000?
True
Does 331 divide 49214?
False
Does 99 divide 8944?
False
Does 20 divide 21540?
True
Is 986 a multiple of 17?
True
Is 23895 a multiple of 177?
True
Does 8 divide 501?
False
Is 50 a multiple of 10?
True
Is 15 a factor of 3379?
False
Does 53 divide 9169?
True
Does 21 divide 861?
True
Does 55 divide 5173?
False
Is 5053 a multiple of 8?
False
Is 6527 a multiple of 61?
True
Is 9126 a multiple of 99?
False
Is 3 a factor of 176?
False
Does 27 divide 4158?
True
Is 246 a multiple of 9?
False
Does 2 divide 8916?
True
Does 46 divide 185?
False
Is 15 a factor of 1265?
False
Is 4616 a multiple of 57?
False
Does 17 divide 1793?
False
Does 37 divide 12580?
True
Is 1267 a multiple of 22?
False
Does 14 divide 20188?
True
Is 66 a factor of 23760?
True
Is 438 a multiple of 31?
False
Is 63 a factor of 18281?
False
Is 17 a factor of 5955?
False
Is 27 a factor of 1026?
True
Is 300 a multiple of 25?
True
Does 26 divide 21346?
True
Is 6106 a multiple of 71?
True
Is 74 a factor of 4366?
True
Is 27 a factor of 8100?
True
Does 23 divide 1550?
False
Is 80797 a multiple of 24?
False
Is 11088 a multiple of 42?
True
Does 4 divide 2220?
True
Is 257 a factor of 65535?
True
Is 40 a factor of 28200?
True
Does 164 divide 13852?
False
Is 16 a factor of 88944?
True
Does 117 divide 351?
True
Is 75026 a multiple of 63?
False
Is 632 a multiple of 158?
True
Is 9 a multiple of 8?
False
Is 17 a factor of 2788?
True
Is 9 a factor of 567?
True
Does 21 divide 2310?
True
Is 2349 a multiple of 9?
True
Is 12 a factor of 816?
True
Is 972 a multiple of 2?
True
Does 27 divide 1065?
False
Is 22120 a multiple of 40?
True
Is 15323 a multiple of 12?
False
Is 76 a multiple of 6?
False
Does 10 divide 2709?
False
Is 3126 a multiple of 173?
False
Does 24 divide 9288?
True
Is 100 a multiple of 30?
False
Is 4 a factor of 233?
False
Is 3 a factor of 608?
False
Is 56 a factor of 3146?
False
Is 15939 a multiple of 161?
True
Is 618 a multiple of 36?
False
Is 55 a factor of 1430?
True
Does 195 divide 63375?
True
Does 10 divide 5020?
True
Is 44 a factor of 13217?
False
Is 73 a factor of 1114?
False
Is 76998 a multiple of 123?
True
Does 12 divide 27012?
True
Does 13 divide 1716?
True
Is 41 a factor of 2173?
True
Is 258 a factor of 6192?
True
Does 49 divide 2469?
False
Is 94 a factor of 2364?
False
Does 24 divide 842?
False
Is 1262 a multiple of 14?
False
Is 31 a factor of 3615?
False
Is 10 a factor of 1030?
True
Does 22 divide 1050?
False
Is 12 a factor of 1669?
False
Is 2094 a multiple of 17?
False
Is 26 a factor of 68744?
True
Is 255 a multiple of 5?
True
Is 68860 a multiple of 20?
True
Is 20 a factor of 2960?
True
Is 546 a multiple of 42?
True
Is 20 a factor of 32052?
False
Does 76 divide 4408?
True
Is 121742 a multiple of 8?
False
Is 3066 a multiple of 21?
True
Is 758 a multiple of 9?
False
Does 61 divide 139241?
False
Is 39 a factor of 1498?
False
Is 18 a factor of 119?
False
Is 68 a factor of 18213?
False
Does 15 divide 390?
True
Does 62 divide 3653?
False
Is 1045 a multiple of 19?
True
Does 7 divide 13062?
True
Is 22 a factor of 303?
False
Is 56 a factor of 5786?
False
Is 20698 a multiple of 12?
False
Is 37 a factor of 55624?
False
Is 672 a multiple of 8?
True
Is 7 a factor of 269?
False
Is 1107 a multiple of 41?
True
Is 49 a factor of 3136?
True
Does 28 divide 728?
True
Is 480 a multiple of 32?
True
Is 1760 a multiple of 55?
True
Is 14 a factor of 1266?
False
Does 8 divide 24344?
True
Does 13 divide 40?
False
Does 59 divide 3894?
True
Is 240 a multiple of 2?
True
Is 1078 a multiple of 77?
True
Is 11 a multiple of 7?
False
Is 7548 a multiple of 102?
True
Is 168 a factor of 3037?
False
Is 43 a factor of 387?
True
Is 19511 a multiple of 13?
False
Is 45 a factor of 3195?
True
Is 215 a factor of 2150?
True
Does 99 divide 36727?
False
Is 26 a factor of 526?
False
Is 46 a factor of 313?
False
Is 1275 a multiple of 17?
True
Is 170 a factor of 2210?
True
Is 13130 a multiple of 130?
True
Is 974 a multiple of 5?
False
Is 64 a factor of 9461?
False
Does 24 divide 1440?
True
Does 8 divide 104?
True
Is 41 a factor of 6601?
True
Does 3 divide 36?
True
Does 13 divide 83?
False
Does 121 divide 43947?
False
Is 19 a factor of 19703?
True
Does 46 divide 6624?
True
Is 390 a multiple of 26?
True
Does 3 divide 246?
True
Is 28 a factor of 214?
False
Is 7750 a multiple of 11?
False
Does 12 divide 579?
False
Does 21 divide 210?
True
Is 6336 a multiple of 36?
True
Does 117 divide 32414?
False
Is 30720 a multiple of 160?
True
Is 11 a factor of 3487?
True
Is 2 a factor of 3796?
True
Is 12 a factor of 25140?
True
Is 11 a factor of 693?
True
Does 8 divide 1020?
False
Is 3 a factor of 5260?
False
Is 21 a factor of 189?
True
Does 16 divide 1224?
False
Is 3061 a multiple of 10?
False
Is 681 a multiple of 13?
False
Does 31 divide 14384?
True
Is 29 a factor of 5299?
False
Does 25 divide 189?
False
Does 6 divide 2708?
False
Is 38 a factor of 11324?
True
Does 6 divide 145?
False
Is 24 a factor of 19944?
True
Is 664 a multiple of 45?
False
Does 29 divide 553?
False
Does 14 divide 896?
True
Does 9 divide 457?
False
Is 64362 a multiple of 17?
True
Is 12328 a multiple of 92?
True
Is 2753 a multiple of 27?
False
Does 10 divide 12922?
False
Is 19059 a multiple of 37?
False
Is 1011 a multiple of 10?
False
Is 2464 a multiple of 14?
True
Is 4 a factor of 1225?
False
Does 4 divide 232?
True
Is 12319 a multiple of 97?
True
Does 11 divide 8712?
True
Is 13 a factor of 3380?
True
Is 690 a multiple of 23?
True
Is 49 a factor of 6762?
True
Does 10 divide 14053?
False
Is 2933 a multiple of 37?
False
Does 19 divide 57?
True
Is 1140 a multiple of 60?
True
Does 6 divide 3922?
False
Is 3070 a multiple of 87?
False
Is 10 a factor of 482?
False
Does 48 divide 53?
False
Does 30 divide 249?
False
Is 12 a factor of 532?
False
Is 212 a multiple of 17?
False
Is 10 a factor of 1279?
False
Is 14 a factor of 3248?
True
Is 2232 a multiple of 12?
True
Does 11 divide 165?
True
Is 13475 a multiple of 175?
True
Does 5 divide 905?
True
Is 3406 a multiple of 34?
False
Is 24 a factor of 533?
False
Is 5082 a multiple of 154?
True
Is 7 a factor of 679?
True
Is 163296 a multiple of 72?
True
Is 916 even?
True
Does 9 divide 13032?
True
Is 136 a multiple of 17?
True
Is 21 a factor of 5365?
False
Is 4042 a multiple of 47?
True
Does 67 divide 1260?
False
Is 12 a factor of 8004?
True
Is 127 a factor of 2540?
True
Is 3016 a multiple of 17?
False
Is 14 a factor of 4354?
True
Does 3 divide 10491?
True
Does 5 divide 165?
True
Does 8 divide 573?
False
Does 28 divide 1176?
True
Is 21 a factor of 287?
False
Is 540 a multiple of 54?
True
Is 389 a multiple of 23?
False
Is 352 a factor of 13339?
False
Is 6476 a multiple of 120?
False
Is 298 a multiple of 149?
True
Is 67 a multiple of 9?
False
Is 4940 a multiple of 190?
True
Does 72 divide 1915?
False
Is 26638 a multiple of 19?
True
Is 371 a multiple of 7?
True
Does 54 divide 240?
False
Is 51 a factor of 2091?
True
Is 1225 a multiple of 25?
True
Is 1360 a multiple of 20?
True
Does 5 divide 137?
False
Does 4 divide 51?
False
Does 41 divide 2470?
False
Is 21 a factor of 1848?
True
Is 8056 a multiple of 16?
False
Is 60356 a multiple of 158?
True
Is 15192 a multiple of 36?
True
Does 6 divide 66?
True
Does 5 divide 229?
False
Is 306 a multiple of 6?
True
Is 9795 a multiple of 22?
False
Is 162 even?
True
Is 929 a multiple of 4?
False
Is 2 a factor of 7495?
False
Is 20 a 